{"id":88301,"date":"2021-06-08T09:51:56","date_gmt":"2021-06-08T09:51:56","guid":{"rendered":"https:\/\/torre.uid.pt\/?page_id=88301"},"modified":"2021-06-08T10:43:10","modified_gmt":"2021-06-08T10:43:10","slug":"privacy-and-data-protection-policy","status":"publish","type":"page","link":"https:\/\/torre.pt\/en\/privacy-and-data-protection-policy\/","title":{"rendered":"Privacy and Data Protection Policy"},"content":{"rendered":"<p>[vc_row][vc_column column_width_percent=&#8221;100&#8243; align_horizontal=&#8221;align_center&#8221; gutter_size=&#8221;3&#8243; overlay_alpha=&#8221;50&#8243; shift_x=&#8221;0&#8243; shift_y=&#8221;0&#8243; shift_y_down=&#8221;0&#8243; z_index=&#8221;0&#8243; medium_width=&#8221;0&#8243; mobile_width=&#8221;0&#8243;][vc_custom_heading heading_semantic=&#8221;h1&#8243; text_size=&#8221;h1&#8243; text_transform=&#8221;uppercase&#8221; sub_lead=&#8221;small&#8221; subheading=&#8221;Last Update: 12 de Junho de 2018&#8243;]Privacy policys[\/vc_custom_heading][vc_column_text el_class=&#8221;terms-text&#8221;]The presented policy allows this website user to identify the required data by the company Torre \u2013 Sociedade de Confec\u00e7\u00f5es, SA and understands its use. The user trusts us with confidential information, as for it, he must read this.<\/p>\n<p>The data collection is done by the fulfillment of contact forms (name, e-mail, contact) and cookies.<\/p>\n<p>The information shared with us will be authorized in its use, associated to one contact form and still, with the required authorization asked on an initial phase (cookies politics) when you enter in our website.<\/p>\n<p>The user who shares with us personal information has always the right to request it removed or changed, requiring it by sending an e-mail to torre@torre.pt . Torre \u2013 Sociedade de confeccoes, SA compromises to answer changing requirements, in 15 days after its recepction. We would require your permission before using information for other endings that aren\u2019t referred in this politics policy. We guarantee not to provide your data to third parties, only if you authorize ourselves.<\/p>\n<p>When the company receives formal and written claims, the company compromises itself to contact the claiming author, in order to accompany the case. We work together with Data Protection\u2019s appropriate regulatory authorities \u2013 to the ones we will resort in cases they can\u2019t be solved between the user and the company.<\/p>\n<p>This privacy policy will be updated when legally required, always required\/needed and defined, without neglecting your rights. If the changes are significant, they will be exclusively communicated between other means, like for example, newsletters.[\/vc_column_text][vc_custom_heading text_transform=&#8221;uppercase&#8221; sub_lead=&#8221;small&#8221;]Cookies Policy [\/vc_custom_heading][vc_column_text el_class=&#8221;terms-text&#8221;]Our company uses the information received intermediated by cookies, in order to better the user\u2019s experience.<\/p>\n<p>Cookies are little text archives, unique and anonymous, whose have relevant information, uploaded in your computer or mobile device, through your browser, stored in file folders. They collect generic information that transmit user\u2019s preferences in what respects the use of our website\/web page.<\/p>\n<p>In sum, cookies allow to evaluate the performance of our web page and analyze the way which user uses it. Its collection enables, though evaluation, to proceed the necessary changes to improve the functionality and web design of our page. Cookies don\u2019t contain personal character information.<\/p>\n<p>The browser could be defined to accept, refuse and delete cookies. When you configure it in order to accept it, visiting our page, we consider you\u2019d accept it.[\/vc_column_text][\/vc_column][\/vc_row]<\/p>\n","protected":false},"excerpt":{"rendered":"<p>[vc_row][vc_column column_width_percent=&#8221;100&#8243; align_horizontal=&#8221;align_center&#8221; gutter_size=&#8221;3&#8243; overlay_alpha=&#8221;50&#8243; shift_x=&#8221;0&#8243; shift_y=&#8221;0&#8243; shift_y_down=&#8221;0&#8243; z_index=&#8221;0&#8243; medium_width=&#8221;0&#8243; mobile_width=&#8221;0&#8243;][vc_custom_heading heading_semantic=&#8221;h1&#8243; text_size=&#8221;h1&#8243; text_transform=&#8221;uppercase&#8221; sub_lead=&#8221;small&#8221; subheading=&#8221;Last Update: 12 de Junho [&hellip;]<\/p>\n","protected":false},"author":1,"featured_media":0,"parent":0,"menu_order":0,"comment_status":"closed","ping_status":"open","template":"","meta":{"content-type":"","footnotes":""},"class_list":["post-88301","page","type-page","status-publish","hentry"],"yoast_head":"<!-- This site is optimized with the Yoast SEO plugin v22.8 - https:\/\/yoast.com\/wordpress\/plugins\/seo\/ -->\n<title>Privacy and Data Protection Policy - Torre<\/title>\n<meta name=\"robots\" content=\"index, follow, max-snippet:-1, max-image-preview:large, max-video-preview:-1\" \/>\n<link rel=\"canonical\" href=\"https:\/\/torre.pt\/en\/privacy-and-data-protection-policy\/\" \/>\n<meta property=\"og:locale\" content=\"en_US\" \/>\n<meta property=\"og:type\" content=\"article\" \/>\n<meta property=\"og:title\" content=\"Privacy and Data Protection Policy - Torre\" \/>\n<meta property=\"og:description\" content=\"[vc_row][vc_column column_width_percent=&#8221;100&#8243; align_horizontal=&#8221;align_center&#8221; gutter_size=&#8221;3&#8243; overlay_alpha=&#8221;50&#8243; shift_x=&#8221;0&#8243; shift_y=&#8221;0&#8243; shift_y_down=&#8221;0&#8243; z_index=&#8221;0&#8243; medium_width=&#8221;0&#8243; mobile_width=&#8221;0&#8243;][vc_custom_heading heading_semantic=&#8221;h1&#8243; text_size=&#8221;h1&#8243; text_transform=&#8221;uppercase&#8221; sub_lead=&#8221;small&#8221; subheading=&#8221;Last Update: 12 de Junho [&hellip;]\" \/>\n<meta property=\"og:url\" content=\"https:\/\/torre.pt\/en\/privacy-and-data-protection-policy\/\" \/>\n<meta property=\"og:site_name\" content=\"Torre\" \/>\n<meta property=\"article:modified_time\" content=\"2021-06-08T10:43:10+00:00\" \/>\n<meta name=\"twitter:card\" content=\"summary_large_image\" \/>\n<meta name=\"twitter:label1\" content=\"Est. reading time\" \/>\n\t<meta name=\"twitter:data1\" content=\"2 minutes\" \/>\n<script type=\"application\/ld+json\" class=\"yoast-schema-graph\">{\"@context\":\"https:\/\/schema.org\",\"@graph\":[{\"@type\":\"WebPage\",\"@id\":\"https:\/\/torre.pt\/en\/privacy-and-data-protection-policy\/\",\"url\":\"https:\/\/torre.pt\/en\/privacy-and-data-protection-policy\/\",\"name\":\"Privacy and Data Protection Policy - Torre\",\"isPartOf\":{\"@id\":\"https:\/\/torre.pt\/#website\"},\"datePublished\":\"2021-06-08T09:51:56+00:00\",\"dateModified\":\"2021-06-08T10:43:10+00:00\",\"breadcrumb\":{\"@id\":\"https:\/\/torre.pt\/en\/privacy-and-data-protection-policy\/#breadcrumb\"},\"inLanguage\":\"en-US\",\"potentialAction\":[{\"@type\":\"ReadAction\",\"target\":[\"https:\/\/torre.pt\/en\/privacy-and-data-protection-policy\/\"]}]},{\"@type\":\"BreadcrumbList\",\"@id\":\"https:\/\/torre.pt\/en\/privacy-and-data-protection-policy\/#breadcrumb\",\"itemListElement\":[{\"@type\":\"ListItem\",\"position\":1,\"name\":\"In\u00edcio\",\"item\":\"https:\/\/torre.pt\/en\/\"},{\"@type\":\"ListItem\",\"position\":2,\"name\":\"Privacy and Data Protection Policy\"}]},{\"@type\":\"WebSite\",\"@id\":\"https:\/\/torre.pt\/#website\",\"url\":\"https:\/\/torre.pt\/\",\"name\":\"Torre\",\"description\":\"Especialista no desenvolvimento, produ\u00e7\u00e3o e revenda de vestu\u00e1rio masculino e feminino para o Mercado europeu.\",\"publisher\":{\"@id\":\"https:\/\/torre.pt\/#organization\"},\"potentialAction\":[{\"@type\":\"SearchAction\",\"target\":{\"@type\":\"EntryPoint\",\"urlTemplate\":\"https:\/\/torre.pt\/?s={search_term_string}\"},\"query-input\":\"required name=search_term_string\"}],\"inLanguage\":\"en-US\"},{\"@type\":\"Organization\",\"@id\":\"https:\/\/torre.pt\/#organization\",\"name\":\"Torre Fashion Group\",\"url\":\"https:\/\/torre.pt\/\",\"logo\":{\"@type\":\"ImageObject\",\"inLanguage\":\"en-US\",\"@id\":\"https:\/\/torre.pt\/#\/schema\/logo\/image\/\",\"url\":\"https:\/\/torre.pt\/wp-content\/uploads\/2021\/05\/torre_logo.png\",\"contentUrl\":\"https:\/\/torre.pt\/wp-content\/uploads\/2021\/05\/torre_logo.png\",\"width\":510,\"height\":202,\"caption\":\"Torre Fashion Group\"},\"image\":{\"@id\":\"https:\/\/torre.pt\/#\/schema\/logo\/image\/\"}}]}<\/script>\n<!-- \/ Yoast SEO plugin. -->","yoast_head_json":{"title":"Privacy and Data Protection Policy - Torre","robots":{"index":"index","follow":"follow","max-snippet":"max-snippet:-1","max-image-preview":"max-image-preview:large","max-video-preview":"max-video-preview:-1"},"canonical":"https:\/\/torre.pt\/en\/privacy-and-data-protection-policy\/","og_locale":"en_US","og_type":"article","og_title":"Privacy and Data Protection Policy - Torre","og_description":"[vc_row][vc_column column_width_percent=&#8221;100&#8243; align_horizontal=&#8221;align_center&#8221; gutter_size=&#8221;3&#8243; overlay_alpha=&#8221;50&#8243; shift_x=&#8221;0&#8243; shift_y=&#8221;0&#8243; shift_y_down=&#8221;0&#8243; z_index=&#8221;0&#8243; medium_width=&#8221;0&#8243; mobile_width=&#8221;0&#8243;][vc_custom_heading heading_semantic=&#8221;h1&#8243; text_size=&#8221;h1&#8243; text_transform=&#8221;uppercase&#8221; sub_lead=&#8221;small&#8221; subheading=&#8221;Last Update: 12 de Junho [&hellip;]","og_url":"https:\/\/torre.pt\/en\/privacy-and-data-protection-policy\/","og_site_name":"Torre","article_modified_time":"2021-06-08T10:43:10+00:00","twitter_card":"summary_large_image","twitter_misc":{"Est. reading time":"2 minutes"},"schema":{"@context":"https:\/\/schema.org","@graph":[{"@type":"WebPage","@id":"https:\/\/torre.pt\/en\/privacy-and-data-protection-policy\/","url":"https:\/\/torre.pt\/en\/privacy-and-data-protection-policy\/","name":"Privacy and Data Protection Policy - Torre","isPartOf":{"@id":"https:\/\/torre.pt\/#website"},"datePublished":"2021-06-08T09:51:56+00:00","dateModified":"2021-06-08T10:43:10+00:00","breadcrumb":{"@id":"https:\/\/torre.pt\/en\/privacy-and-data-protection-policy\/#breadcrumb"},"inLanguage":"en-US","potentialAction":[{"@type":"ReadAction","target":["https:\/\/torre.pt\/en\/privacy-and-data-protection-policy\/"]}]},{"@type":"BreadcrumbList","@id":"https:\/\/torre.pt\/en\/privacy-and-data-protection-policy\/#breadcrumb","itemListElement":[{"@type":"ListItem","position":1,"name":"In\u00edcio","item":"https:\/\/torre.pt\/en\/"},{"@type":"ListItem","position":2,"name":"Privacy and Data Protection Policy"}]},{"@type":"WebSite","@id":"https:\/\/torre.pt\/#website","url":"https:\/\/torre.pt\/","name":"Torre","description":"Especialista no desenvolvimento, produ\u00e7\u00e3o e revenda de vestu\u00e1rio masculino e feminino para o Mercado europeu.","publisher":{"@id":"https:\/\/torre.pt\/#organization"},"potentialAction":[{"@type":"SearchAction","target":{"@type":"EntryPoint","urlTemplate":"https:\/\/torre.pt\/?s={search_term_string}"},"query-input":"required name=search_term_string"}],"inLanguage":"en-US"},{"@type":"Organization","@id":"https:\/\/torre.pt\/#organization","name":"Torre Fashion Group","url":"https:\/\/torre.pt\/","logo":{"@type":"ImageObject","inLanguage":"en-US","@id":"https:\/\/torre.pt\/#\/schema\/logo\/image\/","url":"https:\/\/torre.pt\/wp-content\/uploads\/2021\/05\/torre_logo.png","contentUrl":"https:\/\/torre.pt\/wp-content\/uploads\/2021\/05\/torre_logo.png","width":510,"height":202,"caption":"Torre Fashion Group"},"image":{"@id":"https:\/\/torre.pt\/#\/schema\/logo\/image\/"}}]}},"_links":{"self":[{"href":"https:\/\/torre.pt\/en\/wp-json\/wp\/v2\/pages\/88301","targetHints":{"allow":["GET"]}}],"collection":[{"href":"https:\/\/torre.pt\/en\/wp-json\/wp\/v2\/pages"}],"about":[{"href":"https:\/\/torre.pt\/en\/wp-json\/wp\/v2\/types\/page"}],"author":[{"embeddable":true,"href":"https:\/\/torre.pt\/en\/wp-json\/wp\/v2\/users\/1"}],"replies":[{"embeddable":true,"href":"https:\/\/torre.pt\/en\/wp-json\/wp\/v2\/comments?post=88301"}],"version-history":[{"count":1,"href":"https:\/\/torre.pt\/en\/wp-json\/wp\/v2\/pages\/88301\/revisions"}],"predecessor-version":[{"id":88335,"href":"https:\/\/torre.pt\/en\/wp-json\/wp\/v2\/pages\/88301\/revisions\/88335"}],"wp:attachment":[{"href":"https:\/\/torre.pt\/en\/wp-json\/wp\/v2\/media?parent=88301"}],"curies":[{"name":"wp","href":"https:\/\/api.w.org\/{rel}","templated":true}]}}

<p>[vc_row][vc_column column_width_percent=&#8221;100&#8243; align_horizontal=&#8221;align_center&#8221; gutter_size=&#8221;3&#8243; overlay_alpha=&#8221;50&#8243; shift_x=&#8221;0&#8243; shift_y=&#8221;0&#8243; shift_y_down=&#8221;0&#8243; z_index=&#8221;0&#8243; medium_width=&#8221;0&#8243; mobile_width=&#8221;0&#8243;][vc_custom_heading heading_semantic=&#8221;h1&#8243; text_size=&#8221;h1&#8243; text_transform=&#8221;uppercase&#8221; sub_lead=&#8221;small&#8221; subheading=&#8221;Last Update: 12 de Junho de 2018&#8243;]Privacy policys[/vc_custom_heading][vc_column_text el_class=&#8221;terms-text&#8221;]The presented policy allows this website user to identify the required data by the company Torre – Sociedade de Confecções, SA and understands its use. The user trusts us with confidential information, as for it, he must read this.</p>
<p>The data collection is done by the fulfillment of contact forms (name, e-mail, contact) and cookies.</p>
<p>The information shared with us will be authorized in its use, associated to one contact form and still, with the required authorization asked on an initial phase (cookies politics) when you enter in our website.</p>
<p>The user who shares with us personal information has always the right to request it removed or changed, requiring it by sending an e-mail to torre@torre.pt . Torre – Sociedade de confeccoes, SA compromises to answer changing requirements, in 15 days after its recepction. We would require your permission before using information for other endings that aren’t referred in this politics policy. We guarantee not to provide your data to third parties, only if you authorize ourselves.</p>
<p>When the company receives formal and written claims, the company compromises itself to contact the claiming author, in order to accompany the case. We work together with Data Protection’s appropriate regulatory authorities – to the ones we will resort in cases they can’t be solved between the user and the company.</p>
<p>This privacy policy will be updated when legally required, always required/needed and defined, without neglecting your rights. If the changes are significant, they will be exclusively communicated between other means, like for example, newsletters.[/vc_column_text][vc_custom_heading text_transform=&#8221;uppercase&#8221; sub_lead=&#8221;small&#8221;]Cookies Policy [/vc_custom_heading][vc_column_text el_class=&#8221;terms-text&#8221;]Our company uses the information received intermediated by cookies, in order to better the user’s experience.</p>
<p>Cookies are little text archives, unique and anonymous, whose have relevant information, uploaded in your computer or mobile device, through your browser, stored in file folders. They collect generic information that transmit user’s preferences in what respects the use of our website/web page.</p>
<p>In sum, cookies allow to evaluate the performance of our web page and analyze the way which user uses it. Its collection enables, though evaluation, to proceed the necessary changes to improve the functionality and web design of our page. Cookies don’t contain personal character information.</p>
<p>The browser could be defined to accept, refuse and delete cookies. When you configure it in order to accept it, visiting our page, we consider you’d accept it.[/vc_column_text][/vc_column][/vc_row]</p>

<!-- This site is optimized with the Yoast SEO plugin v22.8 - https://yoast.com/wordpress/plugins/seo/ -->
<title>Privacy and Data Protection Policy - Torre</title>
<meta name="robots" content="index, follow, max-snippet:-1, max-image-preview:large, max-video-preview:-1" />
<link rel="canonical" href="https://torre.pt/en/privacy-and-data-protection-policy/" />
<meta property="og:locale" content="en_US" />
<meta property="og:type" content="article" />
<meta property="og:title" content="Privacy and Data Protection Policy - Torre" />
<meta property="og:description" content="[vc_row][vc_column column_width_percent=&#8221;100&#8243; align_horizontal=&#8221;align_center&#8221; gutter_size=&#8221;3&#8243; overlay_alpha=&#8221;50&#8243; shift_x=&#8221;0&#8243; shift_y=&#8221;0&#8243; shift_y_down=&#8221;0&#8243; z_index=&#8221;0&#8243; medium_width=&#8221;0&#8243; mobile_width=&#8221;0&#8243;][vc_custom_heading heading_semantic=&#8221;h1&#8243; text_size=&#8221;h1&#8243; text_transform=&#8221;uppercase&#8221; sub_lead=&#8221;small&#8221; subheading=&#8221;Last Update: 12 de Junho [&hellip;]" />
<meta property="og:url" content="https://torre.pt/en/privacy-and-data-protection-policy/" />
<meta property="og:site_name" content="Torre" />
<meta property="article:modified_time" content="2021-06-08T10:43:10+00:00" />
<meta name="twitter:card" content="summary_large_image" />
<meta name="twitter:label1" content="Est. reading time" />
	<meta name="twitter:data1" content="2 minutes" />
<script type="application/ld+json" class="yoast-schema-graph">{"@context":"https://schema.org","@graph":[{"@type":"WebPage","@id":"https://torre.pt/en/privacy-and-data-protection-policy/","url":"https://torre.pt/en/privacy-and-data-protection-policy/","name":"Privacy and Data Protection Policy - Torre","isPartOf":{"@id":"https://torre.pt/#website"},"datePublished":"2021-06-08T09:51:56+00:00","dateModified":"2021-06-08T10:43:10+00:00","breadcrumb":{"@id":"https://torre.pt/en/privacy-and-data-protection-policy/#breadcrumb"},"inLanguage":"en-US","potentialAction":[{"@type":"ReadAction","target":["https://torre.pt/en/privacy-and-data-protection-policy/"]}]},{"@type":"BreadcrumbList","@id":"https://torre.pt/en/privacy-and-data-protection-policy/#breadcrumb","itemListElement":[{"@type":"ListItem","position":1,"name":"Início","item":"https://torre.pt/en/"},{"@type":"ListItem","position":2,"name":"Privacy and Data Protection Policy"}]},{"@type":"WebSite","@id":"https://torre.pt/#website","url":"https://torre.pt/","name":"Torre","description":"Especialista no desenvolvimento, produção e revenda de vestuário masculino e feminino para o Mercado europeu.","publisher":{"@id":"https://torre.pt/#organization"},"potentialAction":[{"@type":"SearchAction","target":{"@type":"EntryPoint","urlTemplate":"https://torre.pt/?s={search_term_string}"},"query-input":"required name=search_term_string"}],"inLanguage":"en-US"},{"@type":"Organization","@id":"https://torre.pt/#organization","name":"Torre Fashion Group","url":"https://torre.pt/","logo":{"@type":"ImageObject","inLanguage":"en-US","@id":"https://torre.pt/#/schema/logo/image/","url":"https://torre.pt/wp-content/uploads/2021/05/torre_logo.png","contentUrl":"https://torre.pt/wp-content/uploads/2021/05/torre_logo.png","width":510,"height":202,"caption":"Torre Fashion Group"},"image":{"@id":"https://torre.pt/#/schema/logo/image/"}}]}</script>
<!-- / Yoast SEO plugin. -->

Início

Especialista no desenvolvimento, produção e revenda de vestuário masculino e feminino para o Mercado europeu.
