{"id":88303,"date":"2021-06-08T09:53:57","date_gmt":"2021-06-08T09:53:57","guid":{"rendered":"https:\/\/torre.uid.pt\/?page_id=88303"},"modified":"2021-06-08T09:53:57","modified_gmt":"2021-06-08T09:53:57","slug":"politique-de-confidentialite","status":"publish","type":"page","link":"https:\/\/torre.pt\/fr\/politique-de-confidentialite\/","title":{"rendered":"Politique de confidentialit\u00e9"},"content":{"rendered":"<p>[vc_row][vc_column column_width_percent=\u00a0\u00bb100&Prime; align_horizontal=\u00a0\u00bbalign_center\u00a0\u00bb gutter_size=\u00a0\u00bb3&Prime; overlay_alpha=\u00a0\u00bb50&Prime; shift_x=\u00a0\u00bb0&Prime; shift_y=\u00a0\u00bb0&Prime; shift_y_down=\u00a0\u00bb0&Prime; z_index=\u00a0\u00bb0&Prime; medium_width=\u00a0\u00bb0&Prime; mobile_width=\u00a0\u00bb0&Prime;][vc_custom_heading heading_semantic=\u00a0\u00bbh1&Prime; text_size=\u00a0\u00bbh1&Prime; text_transform=\u00a0\u00bbuppercase\u00a0\u00bb sub_lead=\u00a0\u00bbsmall\u00a0\u00bb subheading=\u00a0\u00bbDerni\u00e8re actualisation: 12 de Junho de 2018&Prime;]Politique de confidentialit\u00e9[\/vc_custom_heading][vc_column_text el_class=\u00a0\u00bbterms-text\u00a0\u00bb]La pr\u00e9sente politique de confidentialit\u00e9 permet que l&rsquo;utilisateur de ce website identifie les donn\u00e9s recueillies par l&rsquo;entit\u00e9 Torre &#8211; Sociedade de Confecc\u00e7\u00f5es, SA et comprenne son utilisation. L&rsquo;utilisateur confie les informations confidentielles au groupe Torre, et il est donc strictement n\u00e9cessaire qu&rsquo;il effectue une lecture de ce document.<\/p>\n<p>La collecte de donn\u00e9es est effectu\u00e9e par interm\u00e9diaire du : formulaire de contact (xxxx ) et cookies.<\/p>\n<p>L&rsquo;information qui sera partag\u00e9e avec nous, sera distribu\u00e9e avec l&rsquo;autorisation\/ consentement associ\u00e9 a chaque formulaire de collecte d&rsquo;informations et encore, avec autorisation sollicit\u00e9e dans une phase pr\u00e9liminaire (associ\u00e9e \u00e0 la politique de cookies), en entrant sur notre website.<\/p>\n<p>L&rsquo;utilisateur qui nous fournis les informations personnelles peut \u00e0 tout moment les exclure et\/ou les modifier, au travers d&rsquo;une demande sur notre email torre@torre.pt. Torre- Sociedade de Confecc\u00e7\u00f5es, SA, se compromet \u00e0 r\u00e9pondre aux demandes de modification, dans un d\u00e9lai maximum de 15 jours ouvrables, apr\u00e8s la r\u00e9ception de celles-ci. Nous solliciterons votre autorisation, avant d&rsquo;utiliser les informations pour d&rsquo;autres objectifs que ceux qui sont expos\u00e9s sur cette politique de confidentialit\u00e9. Nous certifions ne pas transmettre vos donn\u00e9s \u00e0 des tiers, sauf autorisation de votre part.<\/p>\n<p>En cas de r\u00e9clamations formelles et par \u00e9crit, Torre &#8211; Sociedade de Confecc\u00e7\u00f5es, SA s\u00b4engage \u00e0 contacter l&rsquo;auteur de la r\u00e9clamation afin de pouvoir suivre le cas. Nous travaillons avec les autorit\u00e9s r\u00e9glementaires de protection de donn\u00e9es, auxquelles nous faisons appel dans les cas o\u00f9 celles-ci ne peuvent \u00eatre r\u00e9solues entre l\u2019entit\u00e9 et l\u2019utilisateur.<\/p>\n<p>Cette politique de confidentialit\u00e9 sera actualis\u00e9e lorsque l\u00e9galement requise et que la l\u00e9gislation le sollicite\/juge n\u00e9cessaire et le d\u00e9termine, sans pour autant n\u00e9gliger vos droits. Si les changements sont importants, ceux-ci seront communiqu\u00e9s exclusivement et avec relevance, par d\u2019autres moyens, tels que par exemple, par la Newsletter.[\/vc_column_text][vc_custom_heading text_transform=\u00a0\u00bbuppercase\u00a0\u00bb sub_lead=\u00a0\u00bbsmall\u00a0\u00bb]Politique de Cookies[\/vc_custom_heading][vc_column_text el_class=\u00a0\u00bbterms-text\u00a0\u00bb]Nous utilisons les informations re\u00e7ues par l&rsquo;interm\u00e9diaire des cookies, de mani\u00e8re a am\u00e9liorer l&rsquo;exp\u00e9rience de l&rsquo;utilisateur.<\/p>\n<p>Les cookies sont de petits fichiers de texte, uniques et anonymes, d&rsquo;informations pertinentes d\u00e9charg\u00e9es par votre ordinateur ou dispositif mobil, au travers de votre navigateur d&rsquo;Internet (browser), restant stock\u00e9s dans un dossier de fichier. Ils recueillent des informations g\u00e9n\u00e9riques qui propagent aux utilisateurs des pr\u00e9f\u00e9rences concernant l\u2019utilisation de notre page\/Website.<\/p>\n<p>En r\u00e9sum\u00e9, les cookies permettent de v\u00e9rifier la performance de notre page web et analyser la mani\u00e8re comme chaque utilisateur l&rsquo;utilise. La collecte de ces donn\u00e9es, nous permet, gr\u00e2ce \u00e0 l\u2019\u00e9valuation, d&rsquo;apportez les modifications n\u00e9cessaires pour am\u00e9liorer la fonctionnalit\u00e9 et le webdesign de notre page. Les cookies ne contiennent pas de donn\u00e9es \u00e0 caract\u00e8re personnel.<\/p>\n<p>Le navigateur internet permet d&rsquo;accepter, refuser ou supprimer les cookies. Lors de la visite de notre site Web, si vous les configurez, nous consid\u00e9rons votre accord.[\/vc_column_text][\/vc_column][\/vc_row]<\/p>\n","protected":false},"excerpt":{"rendered":"<p>[vc_row][vc_column column_width_percent=\u00a0\u00bb100&Prime; align_horizontal=\u00a0\u00bbalign_center\u00a0\u00bb gutter_size=\u00a0\u00bb3&Prime; overlay_alpha=\u00a0\u00bb50&Prime; shift_x=\u00a0\u00bb0&Prime; shift_y=\u00a0\u00bb0&Prime; shift_y_down=\u00a0\u00bb0&Prime; z_index=\u00a0\u00bb0&Prime; medium_width=\u00a0\u00bb0&Prime; mobile_width=\u00a0\u00bb0&Prime;][vc_custom_heading heading_semantic=\u00a0\u00bbh1&Prime; text_size=\u00a0\u00bbh1&Prime; text_transform=\u00a0\u00bbuppercase\u00a0\u00bb sub_lead=\u00a0\u00bbsmall\u00a0\u00bb subheading=\u00a0\u00bbDerni\u00e8re actualisation: 12 de Junho [&hellip;]<\/p>\n","protected":false},"author":1,"featured_media":0,"parent":0,"menu_order":0,"comment_status":"closed","ping_status":"open","template":"","meta":{"content-type":"","footnotes":""},"class_list":["post-88303","page","type-page","status-publish","hentry"],"yoast_head":"<!-- This site is optimized with the Yoast SEO plugin v22.8 - https:\/\/yoast.com\/wordpress\/plugins\/seo\/ -->\n<title>Politique de confidentialit\u00e9 - Torre<\/title>\n<meta name=\"robots\" content=\"index, follow, max-snippet:-1, max-image-preview:large, max-video-preview:-1\" \/>\n<link rel=\"canonical\" href=\"https:\/\/torre.pt\/fr\/politique-de-confidentialite\/\" \/>\n<meta property=\"og:locale\" content=\"fr_FR\" \/>\n<meta property=\"og:type\" content=\"article\" \/>\n<meta property=\"og:title\" content=\"Politique de confidentialit\u00e9 - Torre\" \/>\n<meta property=\"og:description\" content=\"[vc_row][vc_column column_width_percent=\u00a0\u00bb100&Prime; align_horizontal=\u00a0\u00bbalign_center\u00a0\u00bb gutter_size=\u00a0\u00bb3&Prime; overlay_alpha=\u00a0\u00bb50&Prime; shift_x=\u00a0\u00bb0&Prime; shift_y=\u00a0\u00bb0&Prime; shift_y_down=\u00a0\u00bb0&Prime; z_index=\u00a0\u00bb0&Prime; medium_width=\u00a0\u00bb0&Prime; mobile_width=\u00a0\u00bb0&Prime;][vc_custom_heading heading_semantic=\u00a0\u00bbh1&Prime; text_size=\u00a0\u00bbh1&Prime; text_transform=\u00a0\u00bbuppercase\u00a0\u00bb sub_lead=\u00a0\u00bbsmall\u00a0\u00bb subheading=\u00a0\u00bbDerni\u00e8re actualisation: 12 de Junho [&hellip;]\" \/>\n<meta property=\"og:url\" content=\"https:\/\/torre.pt\/fr\/politique-de-confidentialite\/\" \/>\n<meta property=\"og:site_name\" content=\"Torre\" \/>\n<meta name=\"twitter:card\" content=\"summary_large_image\" \/>\n<meta name=\"twitter:label1\" content=\"Dur\u00e9e de lecture estim\u00e9e\" \/>\n\t<meta name=\"twitter:data1\" content=\"3 minutes\" \/>\n<script type=\"application\/ld+json\" class=\"yoast-schema-graph\">{\"@context\":\"https:\/\/schema.org\",\"@graph\":[{\"@type\":\"WebPage\",\"@id\":\"https:\/\/torre.pt\/fr\/politique-de-confidentialite\/\",\"url\":\"https:\/\/torre.pt\/fr\/politique-de-confidentialite\/\",\"name\":\"Politique de confidentialit\u00e9 - Torre\",\"isPartOf\":{\"@id\":\"https:\/\/torre.pt\/#website\"},\"datePublished\":\"2021-06-08T09:53:57+00:00\",\"dateModified\":\"2021-06-08T09:53:57+00:00\",\"breadcrumb\":{\"@id\":\"https:\/\/torre.pt\/fr\/politique-de-confidentialite\/#breadcrumb\"},\"inLanguage\":\"fr-FR\",\"potentialAction\":[{\"@type\":\"ReadAction\",\"target\":[\"https:\/\/torre.pt\/fr\/politique-de-confidentialite\/\"]}]},{\"@type\":\"BreadcrumbList\",\"@id\":\"https:\/\/torre.pt\/fr\/politique-de-confidentialite\/#breadcrumb\",\"itemListElement\":[{\"@type\":\"ListItem\",\"position\":1,\"name\":\"In\u00edcio\",\"item\":\"https:\/\/torre.pt\/fr\/\"},{\"@type\":\"ListItem\",\"position\":2,\"name\":\"Politique de confidentialit\u00e9\"}]},{\"@type\":\"WebSite\",\"@id\":\"https:\/\/torre.pt\/#website\",\"url\":\"https:\/\/torre.pt\/\",\"name\":\"Torre\",\"description\":\"Especialista no desenvolvimento, produ\u00e7\u00e3o e revenda de vestu\u00e1rio masculino e feminino para o Mercado europeu.\",\"publisher\":{\"@id\":\"https:\/\/torre.pt\/#organization\"},\"potentialAction\":[{\"@type\":\"SearchAction\",\"target\":{\"@type\":\"EntryPoint\",\"urlTemplate\":\"https:\/\/torre.pt\/?s={search_term_string}\"},\"query-input\":\"required name=search_term_string\"}],\"inLanguage\":\"fr-FR\"},{\"@type\":\"Organization\",\"@id\":\"https:\/\/torre.pt\/#organization\",\"name\":\"Torre Fashion Group\",\"url\":\"https:\/\/torre.pt\/\",\"logo\":{\"@type\":\"ImageObject\",\"inLanguage\":\"fr-FR\",\"@id\":\"https:\/\/torre.pt\/#\/schema\/logo\/image\/\",\"url\":\"https:\/\/torre.pt\/wp-content\/uploads\/2021\/05\/torre_logo.png\",\"contentUrl\":\"https:\/\/torre.pt\/wp-content\/uploads\/2021\/05\/torre_logo.png\",\"width\":510,\"height\":202,\"caption\":\"Torre Fashion Group\"},\"image\":{\"@id\":\"https:\/\/torre.pt\/#\/schema\/logo\/image\/\"}}]}<\/script>\n<!-- \/ Yoast SEO plugin. -->","yoast_head_json":{"title":"Politique de confidentialit\u00e9 - Torre","robots":{"index":"index","follow":"follow","max-snippet":"max-snippet:-1","max-image-preview":"max-image-preview:large","max-video-preview":"max-video-preview:-1"},"canonical":"https:\/\/torre.pt\/fr\/politique-de-confidentialite\/","og_locale":"fr_FR","og_type":"article","og_title":"Politique de confidentialit\u00e9 - Torre","og_description":"[vc_row][vc_column column_width_percent=\u00a0\u00bb100&Prime; align_horizontal=\u00a0\u00bbalign_center\u00a0\u00bb gutter_size=\u00a0\u00bb3&Prime; overlay_alpha=\u00a0\u00bb50&Prime; shift_x=\u00a0\u00bb0&Prime; shift_y=\u00a0\u00bb0&Prime; shift_y_down=\u00a0\u00bb0&Prime; z_index=\u00a0\u00bb0&Prime; medium_width=\u00a0\u00bb0&Prime; mobile_width=\u00a0\u00bb0&Prime;][vc_custom_heading heading_semantic=\u00a0\u00bbh1&Prime; text_size=\u00a0\u00bbh1&Prime; text_transform=\u00a0\u00bbuppercase\u00a0\u00bb sub_lead=\u00a0\u00bbsmall\u00a0\u00bb subheading=\u00a0\u00bbDerni\u00e8re actualisation: 12 de Junho [&hellip;]","og_url":"https:\/\/torre.pt\/fr\/politique-de-confidentialite\/","og_site_name":"Torre","twitter_card":"summary_large_image","twitter_misc":{"Dur\u00e9e de lecture estim\u00e9e":"3 minutes"},"schema":{"@context":"https:\/\/schema.org","@graph":[{"@type":"WebPage","@id":"https:\/\/torre.pt\/fr\/politique-de-confidentialite\/","url":"https:\/\/torre.pt\/fr\/politique-de-confidentialite\/","name":"Politique de confidentialit\u00e9 - Torre","isPartOf":{"@id":"https:\/\/torre.pt\/#website"},"datePublished":"2021-06-08T09:53:57+00:00","dateModified":"2021-06-08T09:53:57+00:00","breadcrumb":{"@id":"https:\/\/torre.pt\/fr\/politique-de-confidentialite\/#breadcrumb"},"inLanguage":"fr-FR","potentialAction":[{"@type":"ReadAction","target":["https:\/\/torre.pt\/fr\/politique-de-confidentialite\/"]}]},{"@type":"BreadcrumbList","@id":"https:\/\/torre.pt\/fr\/politique-de-confidentialite\/#breadcrumb","itemListElement":[{"@type":"ListItem","position":1,"name":"In\u00edcio","item":"https:\/\/torre.pt\/fr\/"},{"@type":"ListItem","position":2,"name":"Politique de confidentialit\u00e9"}]},{"@type":"WebSite","@id":"https:\/\/torre.pt\/#website","url":"https:\/\/torre.pt\/","name":"Torre","description":"Especialista no desenvolvimento, produ\u00e7\u00e3o e revenda de vestu\u00e1rio masculino e feminino para o Mercado europeu.","publisher":{"@id":"https:\/\/torre.pt\/#organization"},"potentialAction":[{"@type":"SearchAction","target":{"@type":"EntryPoint","urlTemplate":"https:\/\/torre.pt\/?s={search_term_string}"},"query-input":"required name=search_term_string"}],"inLanguage":"fr-FR"},{"@type":"Organization","@id":"https:\/\/torre.pt\/#organization","name":"Torre Fashion Group","url":"https:\/\/torre.pt\/","logo":{"@type":"ImageObject","inLanguage":"fr-FR","@id":"https:\/\/torre.pt\/#\/schema\/logo\/image\/","url":"https:\/\/torre.pt\/wp-content\/uploads\/2021\/05\/torre_logo.png","contentUrl":"https:\/\/torre.pt\/wp-content\/uploads\/2021\/05\/torre_logo.png","width":510,"height":202,"caption":"Torre Fashion Group"},"image":{"@id":"https:\/\/torre.pt\/#\/schema\/logo\/image\/"}}]}},"_links":{"self":[{"href":"https:\/\/torre.pt\/fr\/wp-json\/wp\/v2\/pages\/88303","targetHints":{"allow":["GET"]}}],"collection":[{"href":"https:\/\/torre.pt\/fr\/wp-json\/wp\/v2\/pages"}],"about":[{"href":"https:\/\/torre.pt\/fr\/wp-json\/wp\/v2\/types\/page"}],"author":[{"embeddable":true,"href":"https:\/\/torre.pt\/fr\/wp-json\/wp\/v2\/users\/1"}],"replies":[{"embeddable":true,"href":"https:\/\/torre.pt\/fr\/wp-json\/wp\/v2\/comments?post=88303"}],"version-history":[{"count":0,"href":"https:\/\/torre.pt\/fr\/wp-json\/wp\/v2\/pages\/88303\/revisions"}],"wp:attachment":[{"href":"https:\/\/torre.pt\/fr\/wp-json\/wp\/v2\/media?parent=88303"}],"curies":[{"name":"wp","href":"https:\/\/api.w.org\/{rel}","templated":true}]}}

Politique de confidentialité

<p>[vc_row][vc_column column_width_percent= »100&Prime; align_horizontal= »align_center » gutter_size= »3&Prime; overlay_alpha= »50&Prime; shift_x= »0&Prime; shift_y= »0&Prime; shift_y_down= »0&Prime; z_index= »0&Prime; medium_width= »0&Prime; mobile_width= »0&Prime;][vc_custom_heading heading_semantic= »h1&Prime; text_size= »h1&Prime; text_transform= »uppercase » sub_lead= »small » subheading= »Dernière actualisation: 12 de Junho de 2018&Prime;]Politique de confidentialité[/vc_custom_heading][vc_column_text el_class= »terms-text »]La présente politique de confidentialité permet que l&rsquo;utilisateur de ce website identifie les donnés recueillies par l&rsquo;entité Torre &#8211; Sociedade de Confeccções, SA et comprenne son utilisation. L&rsquo;utilisateur confie les informations confidentielles au groupe Torre, et il est donc strictement nécessaire qu&rsquo;il effectue une lecture de ce document.</p>
<p>La collecte de données est effectuée par intermédiaire du : formulaire de contact (xxxx ) et cookies.</p>
<p>L&rsquo;information qui sera partagée avec nous, sera distribuée avec l&rsquo;autorisation/ consentement associé a chaque formulaire de collecte d&rsquo;informations et encore, avec autorisation sollicitée dans une phase préliminaire (associée à la politique de cookies), en entrant sur notre website.</p>
<p>L&rsquo;utilisateur qui nous fournis les informations personnelles peut à tout moment les exclure et/ou les modifier, au travers d&rsquo;une demande sur notre email torre@torre.pt. Torre- Sociedade de Confeccções, SA, se compromet à répondre aux demandes de modification, dans un délai maximum de 15 jours ouvrables, après la réception de celles-ci. Nous solliciterons votre autorisation, avant d&rsquo;utiliser les informations pour d&rsquo;autres objectifs que ceux qui sont exposés sur cette politique de confidentialité. Nous certifions ne pas transmettre vos donnés à des tiers, sauf autorisation de votre part.</p>
<p>En cas de réclamations formelles et par écrit, Torre &#8211; Sociedade de Confeccções, SA s´engage à contacter l&rsquo;auteur de la réclamation afin de pouvoir suivre le cas. Nous travaillons avec les autorités réglementaires de protection de données, auxquelles nous faisons appel dans les cas où celles-ci ne peuvent être résolues entre l’entité et l’utilisateur.</p>
<p>Cette politique de confidentialité sera actualisée lorsque légalement requise et que la législation le sollicite/juge nécessaire et le détermine, sans pour autant négliger vos droits. Si les changements sont importants, ceux-ci seront communiqués exclusivement et avec relevance, par d’autres moyens, tels que par exemple, par la Newsletter.[/vc_column_text][vc_custom_heading text_transform= »uppercase » sub_lead= »small »]Politique de Cookies[/vc_custom_heading][vc_column_text el_class= »terms-text »]Nous utilisons les informations reçues par l&rsquo;intermédiaire des cookies, de manière a améliorer l&rsquo;expérience de l&rsquo;utilisateur.</p>
<p>Les cookies sont de petits fichiers de texte, uniques et anonymes, d&rsquo;informations pertinentes déchargées par votre ordinateur ou dispositif mobil, au travers de votre navigateur d&rsquo;Internet (browser), restant stockés dans un dossier de fichier. Ils recueillent des informations génériques qui propagent aux utilisateurs des préférences concernant l’utilisation de notre page/Website.</p>
<p>En résumé, les cookies permettent de vérifier la performance de notre page web et analyser la manière comme chaque utilisateur l&rsquo;utilise. La collecte de ces données, nous permet, grâce à l’évaluation, d&rsquo;apportez les modifications nécessaires pour améliorer la fonctionnalité et le webdesign de notre page. Les cookies ne contiennent pas de données à caractère personnel.</p>
<p>Le navigateur internet permet d&rsquo;accepter, refuser ou supprimer les cookies. Lors de la visite de notre site Web, si vous les configurez, nous considérons votre accord.[/vc_column_text][/vc_column][/vc_row]</p>

<p>[vc_row][vc_column column_width_percent= »100&Prime; align_horizontal= »align_center » gutter_size= »3&Prime; overlay_alpha= »50&Prime; shift_x= »0&Prime; shift_y= »0&Prime; shift_y_down= »0&Prime; z_index= »0&Prime; medium_width= »0&Prime; mobile_width= »0&Prime;][vc_custom_heading heading_semantic= »h1&Prime; text_size= »h1&Prime; text_transform= »uppercase » sub_lead= »small » subheading= »Dernière actualisation: 12 de Junho [&hellip;]</p>

<!-- This site is optimized with the Yoast SEO plugin v22.8 - https://yoast.com/wordpress/plugins/seo/ -->
<title>Politique de confidentialité - Torre</title>
<meta name="robots" content="index, follow, max-snippet:-1, max-image-preview:large, max-video-preview:-1" />
<link rel="canonical" href="https://torre.pt/fr/politique-de-confidentialite/" />
<meta property="og:locale" content="fr_FR" />
<meta property="og:type" content="article" />
<meta property="og:title" content="Politique de confidentialité - Torre" />
<meta property="og:description" content="[vc_row][vc_column column_width_percent= »100&Prime; align_horizontal= »align_center » gutter_size= »3&Prime; overlay_alpha= »50&Prime; shift_x= »0&Prime; shift_y= »0&Prime; shift_y_down= »0&Prime; z_index= »0&Prime; medium_width= »0&Prime; mobile_width= »0&Prime;][vc_custom_heading heading_semantic= »h1&Prime; text_size= »h1&Prime; text_transform= »uppercase » sub_lead= »small » subheading= »Dernière actualisation: 12 de Junho [&hellip;]" />
<meta property="og:url" content="https://torre.pt/fr/politique-de-confidentialite/" />
<meta property="og:site_name" content="Torre" />
<meta name="twitter:card" content="summary_large_image" />
<meta name="twitter:label1" content="Durée de lecture estimée" />
	<meta name="twitter:data1" content="3 minutes" />
<script type="application/ld+json" class="yoast-schema-graph">{"@context":"https://schema.org","@graph":[{"@type":"WebPage","@id":"https://torre.pt/fr/politique-de-confidentialite/","url":"https://torre.pt/fr/politique-de-confidentialite/","name":"Politique de confidentialité - Torre","isPartOf":{"@id":"https://torre.pt/#website"},"datePublished":"2021-06-08T09:53:57+00:00","dateModified":"2021-06-08T09:53:57+00:00","breadcrumb":{"@id":"https://torre.pt/fr/politique-de-confidentialite/#breadcrumb"},"inLanguage":"fr-FR","potentialAction":[{"@type":"ReadAction","target":["https://torre.pt/fr/politique-de-confidentialite/"]}]},{"@type":"BreadcrumbList","@id":"https://torre.pt/fr/politique-de-confidentialite/#breadcrumb","itemListElement":[{"@type":"ListItem","position":1,"name":"Início","item":"https://torre.pt/fr/"},{"@type":"ListItem","position":2,"name":"Politique de confidentialité"}]},{"@type":"WebSite","@id":"https://torre.pt/#website","url":"https://torre.pt/","name":"Torre","description":"Especialista no desenvolvimento, produção e revenda de vestuário masculino e feminino para o Mercado europeu.","publisher":{"@id":"https://torre.pt/#organization"},"potentialAction":[{"@type":"SearchAction","target":{"@type":"EntryPoint","urlTemplate":"https://torre.pt/?s={search_term_string}"},"query-input":"required name=search_term_string"}],"inLanguage":"fr-FR"},{"@type":"Organization","@id":"https://torre.pt/#organization","name":"Torre Fashion Group","url":"https://torre.pt/","logo":{"@type":"ImageObject","inLanguage":"fr-FR","@id":"https://torre.pt/#/schema/logo/image/","url":"https://torre.pt/wp-content/uploads/2021/05/torre_logo.png","contentUrl":"https://torre.pt/wp-content/uploads/2021/05/torre_logo.png","width":510,"height":202,"caption":"Torre Fashion Group"},"image":{"@id":"https://torre.pt/#/schema/logo/image/"}}]}</script>
<!-- / Yoast SEO plugin. -->

Politique de confidentialité - Torre

[vc_row][vc_column column_width_percent= »100&Prime; align_horizontal= »align_center » gutter_size= »3&Prime; overlay_alpha= »50&Prime; shift_x= »0&Prime; shift_y= »0&Prime; shift_y_down= »0&Prime; z_index= »0&Prime; medium_width= »0&Prime; mobile_width= »0&Prime;][vc_custom_heading heading_semantic= »h1&Prime; text_size= »h1&Prime; text_transform= »uppercase » sub_lead= »small » subheading= »Dernière actualisation: 12 de Junho [&hellip;]

Início

Especialista no desenvolvimento, produção e revenda de vestuário masculino e feminino para o Mercado europeu.
